 be 12/(-18) - (-22)/6. Let b(u) be the first derivative of 3*u**2/2 - 3*u + 262. Determine b(h).
6
Let g(o) = -o - 5. Suppose -6*y - 45 = 9. Give g(y).
4
Let u be 3/(4 + -1) + 3. Let v(g) = 3889*g - 11673*g + 3892*g + 1 + 3890*g. Determine v(u).
-7
Let s(g) = -g**3 - 4*g**2 - 5. Let x(w) = 6*w - w**2 - 5*w**2 - 1 - 5*w + 2*w**2. Let o be x(1). Give s(o).
-5
Let k(m) = -10*m + 1. Let i(q) = q - 5. Suppose 5*y + 14 + 26 = 0. Let c be (-4 + 1 - y) + -1. Let v be i(c). Determine k(v).
11
Let o(l) = -5*l**3 + 12*l**2 + 8. Let k(r) = 3*r**3 - 6*r**2 - 4. Let a(p) = 7*k(p) + 4*o(p). Suppose -2*f = u - 3*f + 3, 5*u + 24 = 2*f. Give a(u).
4
Suppose -11 = -k - 38. Let l = -34 - k. Let p(v) = 3*v**2 + 7*v + 2. Let b(n) = -n**2 - n. Let o(y) = -2*b(y) - p(y). Give o(l).
-16
Let b(l) = l**2 + 3*l - 4. Let n(s) be the third derivative of 7/6*s**3 + 0 - 5/24*s**4 - 5*s**2 - 1/20*s**5 + 0*s. Let c(q) = 5*b(q) + 2*n(q). Determine c(4).
-2
Let d = -4 + 8. Let b(z) = -3*z - 3*z - 3 - d*z**2 - z**3 + z. Suppose 0 = 24*h + 28 + 44. Determine b(h).
3
Let u(a) = -a**3 + 6*a**2 + 7. Let g(r) = 4*r - 10. Let h be g(4). Let m be u(h). Let o(i) = i - 7. Calculate o(m).
0
Let s(p) = p**2 + 8*p + 3. Let b(w) = w**3 + 10*w**2. Let z be b(-10). Suppose 0 = -5*m - k - 0*k - 38, z = -2*m - k - 17. Give s(m).
-4
Let v(c) = 2*c**2 - 4*c + 2. Let l be v(2). Let p(o) = 0*o + l*o**2 + 2 - 3*o - 1 + 2*o. Determine p(3).
16
Let s(n) = 2 - 26*n + 21*n + 0 - n**2. Suppose 0 = -7*l + 2*l - 25. Let g(d) = -d**3 - 4*d**2 + 7*d + 5. Let a be g(l). Calculate s(a).
2
Let p(x) = -4*x + 1. Let h = 1665 + -1671. Calculate p(h).
25
Suppose 0 = -b - 17*b - 90. Let z(g) = -g**3 - 5*g**2 + g + 10. Give z(b).
5
Let m(q) be the first derivative of 3*q**2/2 - 4*q - 74. Determine m(3).
5
Let z(m) = -151677*m**2 + 151676*m**2 + 2 - 3*m - 1. Give z(-6).
-17
Let i(p) be the first derivative of -p**4/2 - 2*p**3/3 - p**2 - 3*p - 20. Determine i(-2).
9
Let x(o) = o**3 + 7*o**2 - 9*o - 8. Suppose -4*f = -0*f + 32. What is x(f)?
0
Let p(r) = r**3 - 8*r**2 + 7*r + 10. Let w be p(7). Let y(j) = -2*j**3 + 4 + 3*j**3 - w*j - 13 + 8*j**2. Let t be y(-9). Let z(o) = -o + 1. Give z(t).
1
Let w(m) = -6*m - 6. Suppose 20*t - 23*t - 12 = 0. Give w(t).
18
Let d(k) = -k**3 + 26*k**2 + 25*k + 58. Let b be d(27). Let a(c) = c**2 - 3*c + 5. Calculate a(b).
9
Let j(f) = -27*f - 326. Let g be j(-12). Let c(b) be the third derivative of 0*b + 0*b**3 - b**2 + 1/30*b**5 + 1/12*b**4 + 0. Give c(g).
4
Let m(g) = 2*g**2 + 7 + 7 - 15 + 3 + 5*g**3 - 5*g**2. Give m(2).
30
Let m(t) = -t**3 - 6*t**2 + 7*t + 7. Let o(y) = y**3 - 35*y**2 - 34*y - 79. Let k be o(36). Calculate m(k).
7
Let h(j) = 10*j**3 - 139 + 2*j - 147 + 283. Calculate h(1).
9
Let o = -40 + 42. Suppose 0 = -15*u + o*u + u. Let n(h) = -h**3 - h**2 - h - 16. Give n(u).
-16
Let c = -37 - -39. Let v(f) = 3*f + 3*f - 3 - c*f + 1. Calculate v(-3).
-14
Let u(r) = -7*r**2 - 3 + 736*r**3 + 728*r**3 + 7*r - 1465*r**3 + 2*r**2. What is u(-6)?
-9
Let z(a) = -a**2 - 10*a - 6. Let w be ((-46)/(-4) + (-45)/30)*-1. Give z(w).
-6
Let d(q) = -q**2 + 5*q - 5. Let l = 171 + -169. Give d(l).
1
Suppose -13*t + 616 = -90*t. Let u(g) = -g**2 - 6*g + 2. Give u(t).
-14
Let m(h) = -8 - 12*h + 2*h + 12*h + 12. Give m(0).
4
Suppose -3*f - 32 = -4*w, -4*w + 4*f = -6*w + 38. Let m(k) = -k**2 + 14*k - 13. Determine m(w).
20
Let z(v) = 3*v + 15. Let y(t) = 2*t + 16. Let i(h) = 4*y(h) - 3*z(h). Let r be i(16). Let b(m) = -m**2 + 4. Calculate b(r).
-5
Let g(h) = -h**3 + 2*h**2 + h - 5. Let t be g(0). Let o(v) = 11*v + 9. Let x(n) = -7*n - 6. Let w = 2 + -7. Let a(m) = w*o(m) - 8*x(m). Determine a(t).
-2
Let i(m) = m - 8. Let g(r) = r - 16. Let f(c) = -3*g(c) + 7*i(c). Give f(4).
8
Let c(m) be the third derivative of m**4/24 - m**3/6 - 28*m**2. Calculate c(5).
4
Let m(j) = 12*j + 15 - 991*j**2 + 499*j**2 + 491*j**2. Determine m(13).
2
Let t(p) = -11*p**3 + 1. Let u be ((-21)/12)/(3/(-12)). Suppose -4*j = -u*j + 3. What is t(j)?
-10
Let s(w) = -w**2 - 11*w + 2. Let i(k) = -3*k**2 + 45*k - 88. Let u be i(13). Determine s(u).
12
Let a(x) = -4*x**2 + 4*x + 2. Suppose -2*v - 2 = -6. Let i(g) = -g**v + 1 + 0*g - 2*g - g + 4*g. Let p(b) = -a(b) + 3*i(b). Give p(0).
1
Let r = -100 - -106. Let y(p) = -p**2 + 7. What is y(r)?
-29
Let g be -4 + (12/2)/6 + 5. Let v(a) be the second derivative of 0 + 1/2*a**3 - g*a**2 + 4*a. Calculate v(3).
5
Let c = -1025 + 1037. Let o(s) = s**2 - 11*s - 6. Determine o(c).
6
Let x(g) be the second derivative of 7/6*g**3 + 0 - 1/20*g**5 - 2*g + 7/2*g**2 - 5/12*g**4. Determine x(-6).
1
Let k(s) = 9*s + 5. Let i(c) = -10*c + 4. Let j(l) = -2*l + 1. Let a(n) = 2*i(n) - 9*j(n). Let r(w) = -11*a(w) - 2*k(w). What is r(3)?
13
Let j(y) = y**3 - 5*y**2 - 3*y + 12. Suppose 19*u = 10*u + 45. What is j(u)?
-3
Let f(i) = i**3 + 7*i**2 + 29*i + 92. Let r be f(-5). Let a(w) = -3*w - 2. Let v(c) = -c + 1. Let l(g) = a(g) + 5*v(g). Give l(r).
27
Let k(x) = 4*x**2 + 19*x. Let o(m) = -3*m**2 - 12*m. Let q(s) = 5*k(s) + 8*o(s). Determine q(2).
-18
Let l(j) = -25 + 7 - 51 + 33*j. Let k(q) = -8*q + 17. Let s(o) = 21*k(o) + 5*l(o). Let f(i) = 4*i - 13. Let p(z) = -2*f(z) - 3*s(z). Determine p(5).
-5
Suppose 4*p = 46*s - 43*s + 4, 4*p = s + 12. Let t(x) be the third derivative of -p*x**2 - 1/12*x**4 + 0*x + 3/2*x**3 + 0. What is t(6)?
-3
Let u(s) = -53*s + 15*s + 18*s + 1 + 21*s. What is u(1)?
2
Let o(c) be the second derivative of 19*c + 1/4*c**4 + 1/2*c**2 + 0 + 1/20*c**5 + 1/6*c**3. Suppose w = -0*w - 2. Calculate o(w).
3
Let a(d) = d**3 - d + 2. Let x(o) = -o**3 + 6*o**2 + 17*o - 10. Let w = 58 + -50. Let h be x(w). Give a(h).
-4
Suppose 5 + 1 = 3*o. Let t(w) be the first derivative of w**3/3 - w**2 + 16. What is t(o)?
0
Suppose 3*y - 6 - 6 = 0. Suppose 3*k + y = 19. Let x(t) = -k*t + 6 + 1 + 6*t. Give x(0).
7
Let r(h) = -5*h + 15. Let d be r(-9). Let l = -61 + d. Let v(o) = 10*o + 1. What is v(l)?
-9
Suppose -28 = -11*b - 20 - 19. Let z(g) = 14*g**3 - 5*g**2 + 1. Let a(p) = 15*p**3 - 4*p**2 + 1. Let f(y) = 3*a(y) - 2*z(y). What is f(b)?
-18
Let x(l) = l. Let w(o) = 28*o + 1. Let t(u) = -w(u) + 3*x(u). Give t(1).
-26
Let f(n) = n**2 - 31*n + 57. Let u be f(29). Let c be -3 + (4 - 1)*1 - u. Let d(t) = -t**3 - t + 1. What is d(c)?
-1
Let d(o) = o**3 + 2*o**2 - 5*o - 6. Let t = 214 - 218. Determine d(t).
-18
Let s(m) = -8*m - 82. Let d be s(-10). Let u(b) = 3*b. Let v(g) = -g. Let y(o) = u(o) + 2*v(o). Determine y(d).
-2
Let s(f) = -f + 7. Let w be s(5). Suppose c - 9 = -c - i, -w*c + 5*i + 15 = 0. Let j(k) = -4 - 6 + 4 - 2 + 6*k - k**2 + 4. Calculate j(c).
1
Let p(m) = 8*m - 4*m**2 + 4 - 12*m - m**3 + 3*m. Give p(-3).
-2
Let q(p) be the first derivative of p**3/6 + 2*p**2 + 5*p + 27. Let r(a) be the first derivative of q(a). Give r(-7).
-3
Let l(r) = -r**3 - 3*r**2 - r + 1. Let v(n) = n**2 - n + 2. Let i be v(1). Suppose 2 = -p - 5*d, i*d - 10 = -0*p + 5*p. What is l(p)?
-1
Let a(s) be the second derivative of -6*s + 1/12*s**4 - 1/6*s**3 - 5*s**2 + 0. Determine a(0).
-10
Let l(a) = 4 + 31*a + 29*a - 63*a. What is l(8)?
-20
Let n(l) = -l + 2*l - 1 - 5*l. Suppose 30*d - 44*d - 28 = 0. Give n(d).
7
Let k(r) = r**2 + 13*r + 9. Let y = 447 + -460. Give k(y).
9
Let m be 20/6 - (-2)/3. Let z = 24 - 22. Let b(v) = -4 - 3 + 3 - v**2 + 6*v + z. Give b(m).
6
Let r(h) be the first derivative of -5*h**2/2 - 487. Determine r(-4).
20
Let f be 9/6 - (32/12 + -2). Let x(d) be the third derivative of f*d**3 + 0 - 9*d**2 + 0*d + 1/12*d**4. What is x(-5)?
-5
Let f(a) be the first derivative of a**3/3 - 9*a**2/2 - 4*a + 82. What is f(9)?
-4
Let q(n) = -4572*n**3 + 4573*n**3 + 4 - 2*n**2 + 6*n - n**2 - 5*n**2. Calculate q(7).
-3
Let p(u) = -3*u**2 + 9. Let s(b) = -16*b**2 + 44. Let j(n) = 11*p(n) - 2*s(n). Suppose 4*r - 10 + 2 = 2*i, 0 = -3*i + 2*r - 4. What is j(i)?
11
Let b = 13 - 11. Suppose -b*n = 3*p, -4*p + 3*n - 7 = -5*p. Let l(u) = -u**3 - 2*u**2 + 3*u + 2. Give l(p).
-4
Let x(a) = -8*a - 6. Let v(j) = 5*j + 5. Let b(y) = 3*v(y) + 2*x(y). Determine b(8).
-5
Let f = 17 + -3. Let k(l) = -f*l + 2 + 0*l + 15*l. What is k(-5)?
-3
Suppose -4*a = 4*s + 304, -7*a + 3*a = -3*s - 256. Let i = -85 - s. Let v(p) = -p**2 - 4*p + 7. Determine v(i).
2
Let i(t) = -3*t**2 - 142*t - 49. Let r be i(-47). Let m(q) = -17*q - 4. Calcul